{"id":202,"date":"2012-12-15T20:48:43","date_gmt":"2012-12-15T20:48:43","guid":{"rendered":"http:\/\/www.crnkovic.com.hr\/bor\/?page_id=202"},"modified":"2023-12-24T04:45:56","modified_gmt":"2023-12-24T04:45:56","slug":"prodaja-bozicnih-drvaca","status":"publish","type":"page","link":"http:\/\/www.crnkovic.com.hr\/bor\/prodaja-bozicnih-drvaca\/","title":{"rendered":"Prodaja bo\u017ei\u0107nih drvaca"},"content":{"rendered":"<div id=\"dslc-theme-content\"><div id=\"dslc-theme-content-inner\"><p>Posjetite neku od na\u0161ih prodajnih lokacija u Zagrebu razgledajte bo\u017ei\u0107na drvca i odaberite najljep\u0161e bo\u017ei\u0107no drvce za sebe i svoju obitelj.<\/p>\n<p><strong><a href=\"http:\/\/www.crnkovic.com.hr\/bor\/prodaja-borova\/\">Prodaja bo\u017ei\u0107nih drvaca<\/a>\u00a0na prodajnim lokacijama u gradu po\u010dinje 18.12.2022 i traje do 24.12.2022 na svim prodajnim lokacijama u gradu.<br \/>\nSvakodnevno od 10.00h \u2013 20.00h<\/strong><\/p>\n<div dir=\"auto\">\n<p><strong>\u2013 PRODAJNE LOKACIJE<\/strong><\/p>\n<p><span style=\"color: #000000;\"><strong>Point Shoping Centar\u00a0<\/strong>\u2013 Vrbani \u2013 Rude\u0161ka cesta 169a \u2013 Zagreb<br \/>\n24. Prosinac od 08.00h do isteka zaliha<\/span><\/p>\n<p><strong>Zagreba\u010dki Velesajam <\/strong>\u2013 Ulaz ZAPAD 1\u00a0\u2013\u00a0Radoslava Cimermana<br \/>\n<span style=\"color: #ff0000;\">RASPRODANO &#8211; ZATVORENO<\/span><\/p>\n<p><strong>T<\/strong><strong>ravno kod Mamutice\u00a0\u2013<\/strong>\u00a0Kri\u017eanje Ukrajinske i Bo\u017eidara Magovca<br \/>\n18.-24. Prosinac od 10h do isteka zaliha<\/p>\n<p><strong>Super Konzum Sisa\u010dka 2<\/strong>\u00a0\u2013 Botinec Remetinec<br \/>\n18.-24. Prosinac od 10h do isteka zaliha<\/p>\n<p><strong>Svake godine u ranijem periodu do 8.12. primamo online narud\u017ebe za bo\u017ei\u0107na drvca s dostavom na podru\u010dju Zagreba. Prijavite se na na\u0161u kontakt listu i obavijestit \u0107emo Vas na vrijeme kad krenemo s rezervacijama Bo\u017ei\u0107nih drvaca.<\/strong><\/p>\n<div class=\"wpforms-container wpforms-container-full\" id=\"wpforms-1259\"><form id=\"wpforms-form-1259\" class=\"wpforms-validate wpforms-form wpforms-ajax-form\" data-formid=\"1259\" method=\"post\" enctype=\"multipart\/form-data\" action=\"\/bor\/wp-json\/wp\/v2\/pages\/202\" data-token=\"cc1141471a560f22115f4df4a902ecff\" data-token-time=\"1777621045\"><noscript class=\"wpforms-error-noscript\">Please enable JavaScript in your browser to complete this form.<\/noscript><div class=\"wpforms-field-container\"><div id=\"wpforms-1259-field_1-container\" class=\"wpforms-field wpforms-field-name\" data-field-id=\"1\"><label class=\"wpforms-field-label\" for=\"wpforms-1259-field_1\">Va\u0161e ime <span class=\"wpforms-required-label\">*<\/span><\/label><input type=\"text\" id=\"wpforms-1259-field_1\" class=\"wpforms-field-medium wpforms-field-required\" name=\"wpforms[fields][1]\" required><\/div><div id=\"wpforms-1259-field_2-container\" class=\"wpforms-field wpforms-field-email\" data-field-id=\"2\"><label class=\"wpforms-field-label\" for=\"wpforms-1259-field_2\">Va\u0161 email <span class=\"wpforms-required-label\">*<\/span><\/label><input type=\"email\" id=\"wpforms-1259-field_2\" class=\"wpforms-field-medium wpforms-field-required\" name=\"wpforms[fields][2]\" spellcheck=\"false\" required><\/div><\/div><!-- .wpforms-field-container --><div class=\"wpforms-submit-container\" ><input type=\"hidden\" name=\"wpforms[id]\" value=\"1259\"><input type=\"hidden\" name=\"page_title\" value=\"\"><input type=\"hidden\" name=\"page_url\" value=\"http:\/\/www.crnkovic.com.hr\/bor\/wp-json\/wp\/v2\/pages\/202\"><button type=\"submit\" name=\"wpforms[submit]\" id=\"wpforms-submit-1259\" class=\"wpforms-submit\" data-alt-text=\"Sending...\" data-submit-text=\"Submit\" aria-live=\"assertive\" value=\"wpforms-submit\">Submit<\/button><img loading=\"lazy\" decoding=\"async\" src=\"http:\/\/www.crnkovic.com.hr\/bor\/wp-content\/plugins\/wpforms-lite\/assets\/images\/submit-spin.svg\" class=\"wpforms-submit-spinner\" style=\"display: none;\" width=\"26\" height=\"26\" alt=\"Loading\"><\/div><\/form><\/div>  <!-- .wpforms-container -->\n<\/div>\n<p><iframe loading=\"lazy\" src=\"https:\/\/www.google.com\/maps\/d\/u\/0\/embed?mid=119cwl_aevhmC6nLDPKSByye54us\" width=\"640\" height=\"480\"><\/iframe><\/p>\n<p>NARU\u010cITE BO\u017dI\u0106NO DRVCE ONLINE !!!<\/p>\n<p>U ranijem terminu svake godine <strong>1.11.-8.12<\/strong>. kod nas mo\u017eete online naru\u010diti i kupiti bo\u017ei\u0107no drvce po mjeri i \u017eelji, odaberite vrstu i veli\u010dinu drvca tako da ispunite obrazac, nakon toga odgovoriti \u0107emo Vam s cijenom i terminom dostave, te ukoliko Vam odgovara\u00a0dostaviti \u0107emo ga na dogovorenu adresu.<\/p>\n<p><em>Ukoliko iz bilo kojeg razloga ne bi bili zadovoljni dostavljenim drvcem, niste ga du\u017eni preuzeti. Dostava se vr\u0161i do dvori\u0161ta ili haustora, zbog velikog broja dostava nismo u mogu\u0107nosti unositi drvca u stan.<\/em><\/p>\n<p>Pla\u0107anje se vr\u0161i kod dostave.<\/p>\n<div><strong>Besplatnu dostavu planiramo za 15.12.<br \/>\n<span style=\"color: #ff0000;\">isklju\u010divo na podru\u010dju Zagreba<\/span><\/strong><\/div>\n<div>Za eventualne ranije termine dostave slobodno nas kontaktirajte.<\/div>\n<p><img loading=\"lazy\" decoding=\"async\" class=\"size-full wp-image-695 alignleft\" src=\"http:\/\/www.crnkovic.com.hr\/bor\/wp-content\/uploads\/2012\/12\/dostava.png\" alt=\"dostava\" width=\"477\" height=\"254\" srcset=\"http:\/\/www.crnkovic.com.hr\/bor\/wp-content\/uploads\/2012\/12\/dostava.png 477w, http:\/\/www.crnkovic.com.hr\/bor\/wp-content\/uploads\/2012\/12\/dostava-300x160.png 300w\" sizes=\"(max-width: 477px) 100vw, 477px\" \/><\/p>\n<p>&nbsp;<\/p>\n<p>Ukoliko \u017eelite osobno do\u0107i i razgledati borove posjetite nas na na\u0161im <a title=\"prodaja bo\u017ei\u0107nih drvaca\" href=\"http:\/\/www.crnkovic.com.hr\/bor\/prodaja-borova\">prodajnim lokacijama<\/a>\u00a0u Zagrebu od 18.-24.12.2022<\/p>\n<p><strong>Drvca su dostupna i ranije u terminu isklju\u010divo po najavi i dogovoru.<\/strong><\/p>\n<p>Rasadnik se nalazi na \u017dumberku, a prodajno skladi\u0161te u naselju Lu\u010dko, Novi Zagreb.<\/p>\n<p>Na\u0161i vjerni kupci upoznati su s na\u0161im lokacijama, jer ve\u0107 godinama poslujemo na istim adresama. <a href=\"https:\/\/www.crnkovic.com.hr\/bor\/prodaja-borova\/\">Prodaja Borova<\/a>\u00a0na na\u0161im \u0161tandovima vr\u0161i se svake godine u periodu;\u00a0<strong>18.-24- prosinac od 10h do 20h svakog dana.<\/strong><\/p>\n<p>Svake godine u ranijem periodu 1.11.-8.12. primamo online narud\u017ebe za bo\u017ei\u0107na drvca s dostavom na podru\u010dju Zagreba.<\/p>\n<p>Prijavite se na na\u0161u listu korisnika i javiti \u0107emo Vam na vrijeme kada kre\u0107u pripreme i narud\u017ebe za Bo\u017ei\u0107na drvca. Budite prvi koji \u0107e mo\u0107i naru\u010diti na\u0161a selektirana drvca uz mogu\u0107nost besplatne dostave i ostalih pogodnosti\u00a0 za na\u0161e stalne i vjerne kupce.<\/p>\n<div class=\"wpforms-container wpforms-container-full\" id=\"wpforms-1259\"><form id=\"wpforms-form-1259\" class=\"wpforms-validate wpforms-form wpforms-ajax-form\" data-formid=\"1259\" method=\"post\" enctype=\"multipart\/form-data\" action=\"\/bor\/wp-json\/wp\/v2\/pages\/202\" data-token=\"cc1141471a560f22115f4df4a902ecff\" data-token-time=\"1777621045\"><noscript class=\"wpforms-error-noscript\">Please enable JavaScript in your browser to complete this form.<\/noscript><div class=\"wpforms-field-container\"><div id=\"wpforms-1259-field_1-container\" class=\"wpforms-field wpforms-field-name\" data-field-id=\"1\"><label class=\"wpforms-field-label\" for=\"wpforms-1259-field_1\">Va\u0161e ime <span class=\"wpforms-required-label\">*<\/span><\/label><input type=\"text\" id=\"wpforms-1259-field_1\" class=\"wpforms-field-medium wpforms-field-required\" name=\"wpforms[fields][1]\" required><\/div><div id=\"wpforms-1259-field_2-container\" class=\"wpforms-field wpforms-field-email\" data-field-id=\"2\"><label class=\"wpforms-field-label\" for=\"wpforms-1259-field_2\">Va\u0161 email <span class=\"wpforms-required-label\">*<\/span><\/label><input type=\"email\" id=\"wpforms-1259-field_2\" class=\"wpforms-field-medium wpforms-field-required\" name=\"wpforms[fields][2]\" spellcheck=\"false\" required><\/div><\/div><!-- .wpforms-field-container --><div class=\"wpforms-submit-container\" ><input type=\"hidden\" name=\"wpforms[id]\" value=\"1259\"><input type=\"hidden\" name=\"page_title\" value=\"\"><input type=\"hidden\" name=\"page_url\" value=\"http:\/\/www.crnkovic.com.hr\/bor\/wp-json\/wp\/v2\/pages\/202\"><button type=\"submit\" name=\"wpforms[submit]\" id=\"wpforms-submit-1259\" class=\"wpforms-submit\" data-alt-text=\"Sending...\" data-submit-text=\"Submit\" aria-live=\"assertive\" value=\"wpforms-submit\">Submit<\/button><img loading=\"lazy\" decoding=\"async\" src=\"http:\/\/www.crnkovic.com.hr\/bor\/wp-content\/plugins\/wpforms-lite\/assets\/images\/submit-spin.svg\" class=\"wpforms-submit-spinner\" style=\"display: none;\" width=\"26\" height=\"26\" alt=\"Loading\"><\/div><\/form><\/div>  <!-- .wpforms-container -->\n<\/div><\/div>","protected":false},"excerpt":{"rendered":"<p>Posjetite neku od na\u0161ih prodajnih lokacija u Zagrebu razgledajte bo\u017ei\u0107na drvca i odaberite najljep\u0161e bo\u017ei\u0107no drvce za sebe i svoju obitelj. Prodaja bo\u017ei\u0107nih drvaca\u00a0na prodajnim lokacijama u gradu po\u010dinje 18.12.2022 i traje do 24.12.2022 na svim prodajnim lokacijama u gradu. Svakodnevno od 10.00h \u2013 20.00h \u2013 PRODAJNE LOKACIJE Point Shoping Centar\u00a0\u2013 Vrbani \u2013 Rude\u0161ka cesta [&hellip;]<\/p>\n","protected":false},"author":1,"featured_media":0,"parent":0,"menu_order":0,"comment_status":"closed","ping_status":"closed","template":"","meta":{"footnotes":""},"class_list":["post-202","page","type-page","status-publish","hentry"],"_links":{"self":[{"href":"http:\/\/www.crnkovic.com.hr\/bor\/wp-json\/wp\/v2\/pages\/202"}],"collection":[{"href":"http:\/\/www.crnkovic.com.hr\/bor\/wp-json\/wp\/v2\/pages"}],"about":[{"href":"http:\/\/www.crnkovic.com.hr\/bor\/wp-json\/wp\/v2\/types\/page"}],"author":[{"embeddable":true,"href":"http:\/\/www.crnkovic.com.hr\/bor\/wp-json\/wp\/v2\/users\/1"}],"replies":[{"embeddable":true,"href":"http:\/\/www.crnkovic.com.hr\/bor\/wp-json\/wp\/v2\/comments?post=202"}],"version-history":[{"count":60,"href":"http:\/\/www.crnkovic.com.hr\/bor\/wp-json\/wp\/v2\/pages\/202\/revisions"}],"predecessor-version":[{"id":1394,"href":"http:\/\/www.crnkovic.com.hr\/bor\/wp-json\/wp\/v2\/pages\/202\/revisions\/1394"}],"wp:attachment":[{"href":"http:\/\/www.crnkovic.com.hr\/bor\/wp-json\/wp\/v2\/media?parent=202"}],"curies":[{"name":"wp","href":"https:\/\/api.w.org\/{rel}","templated":true}]}}