{"id":190,"date":"2012-12-15T15:29:49","date_gmt":"2012-12-15T15:29:49","guid":{"rendered":"http:\/\/www.crnkovic.com.hr\/bor\/?page_id=190"},"modified":"2025-10-07T19:41:48","modified_gmt":"2025-10-07T19:41:48","slug":"borovi-u-teglama","status":"publish","type":"page","link":"https:\/\/www.crnkovic.com.hr\/bor\/borovi-u-teglama\/","title":{"rendered":"Borovi u teglama"},"content":{"rendered":"<div id=\"dslc-content\" class=\"dslc-content dslc-clearfix\"><div id=\"dslc-main\">\n\t\t<div  class=\"dslc-modules-section  dslc-full \" style=\"padding-bottom:0px;padding-top:0px;\" data-section-id=\"f365d7e4dd2\">\n\t\t\t\t\n\t\t\t\t\n\t\t\t\t<div class=\"dslc-modules-section-wrapper dslc-clearfix\"><div class=\"dslc-modules-area dslc-col dslc-12-col dslc-last-col dslc-valign- \" data-size=\"12\" data-valign=\"\">\n\t\t<div id=\"dslc-module-6b67204b4b0\" class=\"dslc-module-front dslc-module-DSLC_TP_Content dslc-in-viewport-check dslc-in-viewport-anim-none  dslc-col dslc-12-col dslc-last-col  dslc-module-handle-like-regular \" data-module-id=\"6b67204b4b0\" data-module=\"DSLC_TP_Content\" data-dslc-module-size=\"12\" data-dslc-anim=\"none\" data-dslc-anim-delay=\"\" data-dslc-anim-duration=\"650\"  data-dslc-anim-easing=\"ease\" data-dslc-preset=\"none\" >\n\n\t\t\t\n\t\t\t\n\t\t<div class=\"dslc-tp-content\"><div id=\"dslc-theme-content\"><div id=\"dslc-theme-content-inner\"><p><a href=\"http:\/\/www.crnkovic.com.hr\/bor\/wp-content\/uploads\/2021\/11\/bozicno-drvce-tegla-3.jpg\"><img loading=\"lazy\" decoding=\"async\" class=\"alignnone wp-image-1185 size-full\" src=\"http:\/\/www.crnkovic.com.hr\/bor\/wp-content\/uploads\/2021\/11\/bozicno-drvce-tegla-3.jpg\" alt=\"\" width=\"800\" height=\"516\" srcset=\"https:\/\/www.crnkovic.com.hr\/bor\/wp-content\/uploads\/2021\/11\/bozicno-drvce-tegla-3.jpg 800w, https:\/\/www.crnkovic.com.hr\/bor\/wp-content\/uploads\/2021\/11\/bozicno-drvce-tegla-3-300x194.jpg 300w, https:\/\/www.crnkovic.com.hr\/bor\/wp-content\/uploads\/2021\/11\/bozicno-drvce-tegla-3-768x495.jpg 768w\" sizes=\"(max-width: 800px) 100vw, 800px\" \/><\/a><\/p>\n<p>Bo\u017ei\u0107na drvca u teglama svake godine kupuje sve ve\u0107i broj gra\u0111ana, ne samo zbog ekolo\u0161ke osvje\u0161tenosti i brige za okoli\u0161, ve\u0107 i zbog toga \u0161to takva drvca gube vrlo malo iglica prilikom uno\u0161enja u topli stan ili ku\u0107u. U ponudi imamo sadnice borova, bo\u017ei\u0107na drvca s korijenom koje je mogu\u0107e kasnije presaditi negdje u prirodi ili ukoliko nije preveliko mogu\u0107e je dr\u017eanje na dvori\u0161tu tjekom godine i kori\u0161tenje za bo\u017ei\u0107 kroz nekoliko sezona.<\/p>\n<p>Cijene bo\u017ei\u0107nih drvaca ovise o vrsti i veli\u010dini drvca. U lon\u010danice se stavlja srebrna smreka jer ona ima manji korijenski sustav te su pogodnije za dr\u017eanje u tegli i kasnije presa\u0111ivanje.<\/p>\n<p><a href=\"https:\/\/borovicrnkovic.com.hr\/proizvod\/drvce-u-tegli\/\"><img loading=\"lazy\" decoding=\"async\" class=\"aligncenter wp-image-1466 size-full\" src=\"http:\/\/www.crnkovic.com.hr\/bor\/wp-content\/uploads\/2025\/10\/borovi-prodaja.png\" alt=\"\" width=\"300\" height=\"300\" srcset=\"https:\/\/www.crnkovic.com.hr\/bor\/wp-content\/uploads\/2025\/10\/borovi-prodaja.png 300w, https:\/\/www.crnkovic.com.hr\/bor\/wp-content\/uploads\/2025\/10\/borovi-prodaja-150x150.png 150w\" sizes=\"(max-width: 300px) 100vw, 300px\" \/><\/a><\/p>\n<h4 style=\"text-align: center;\">BOROVI U TEGLAMA &#8211; BO\u017dI\u0106NA DRVCA S KORIJENOM<\/h4>\n<p><strong>Svake godine u ranijem periodu do 8.12. primamo online narud\u017ebe za bo\u017ei\u0107na drvca s dostavom na podru\u010dju Zagreba. Prijavite se na na\u0161u kontakt listu i obavijestit \u0107emo Vas na vrijeme kad krenemo s rezervacijama Bo\u017ei\u0107nih drvaca.<\/strong><\/p>\n<div class=\"wpforms-container wpforms-container-full\" id=\"wpforms-1259\"><form id=\"wpforms-form-1259\" class=\"wpforms-validate wpforms-form wpforms-ajax-form\" data-formid=\"1259\" method=\"post\" enctype=\"multipart\/form-data\" action=\"\/bor\/borovi-u-teglama\/\" data-token=\"8c2eeadc1a482a6e6283e805e879887f\" data-token-time=\"1775139180\"><noscript class=\"wpforms-error-noscript\">Please enable JavaScript in your browser to complete this form.<\/noscript><div class=\"wpforms-field-container\"><div id=\"wpforms-1259-field_1-container\" class=\"wpforms-field wpforms-field-name\" data-field-id=\"1\"><label class=\"wpforms-field-label\" for=\"wpforms-1259-field_1\">Va\u0161e ime <span class=\"wpforms-required-label\">*<\/span><\/label><input type=\"text\" id=\"wpforms-1259-field_1\" class=\"wpforms-field-medium wpforms-field-required\" name=\"wpforms[fields][1]\" required><\/div><div id=\"wpforms-1259-field_2-container\" class=\"wpforms-field wpforms-field-email\" data-field-id=\"2\"><label class=\"wpforms-field-label\" for=\"wpforms-1259-field_2\">Va\u0161 email <span class=\"wpforms-required-label\">*<\/span><\/label><input type=\"email\" id=\"wpforms-1259-field_2\" class=\"wpforms-field-medium wpforms-field-required\" name=\"wpforms[fields][2]\" spellcheck=\"false\" required><\/div><\/div><!-- .wpforms-field-container --><div class=\"wpforms-submit-container\" ><input type=\"hidden\" name=\"wpforms[id]\" value=\"1259\"><input type=\"hidden\" name=\"page_title\" value=\"Borovi u teglama\"><input type=\"hidden\" name=\"page_url\" value=\"https:\/\/www.crnkovic.com.hr\/bor\/borovi-u-teglama\/\"><input type=\"hidden\" name=\"page_id\" value=\"190\"><input type=\"hidden\" name=\"wpforms[post_id]\" value=\"190\"><button type=\"submit\" name=\"wpforms[submit]\" id=\"wpforms-submit-1259\" class=\"wpforms-submit\" data-alt-text=\"Sending...\" data-submit-text=\"Submit\" aria-live=\"assertive\" value=\"wpforms-submit\">Submit<\/button><img loading=\"lazy\" decoding=\"async\" src=\"https:\/\/www.crnkovic.com.hr\/bor\/wp-content\/plugins\/wpforms-lite\/assets\/images\/submit-spin.svg\" class=\"wpforms-submit-spinner\" style=\"display: none;\" width=\"26\" height=\"26\" alt=\"Loading\"><\/div><\/form><\/div>  <!-- .wpforms-container -->\n<\/div><\/div><\/div>\n\t\t\t\t<\/div><!-- .dslc-module -->\n\t\t<\/div><\/div><\/div><\/div><\/div>","protected":false},"excerpt":{"rendered":"<p>Bo\u017ei\u0107na drvca u teglama svake godine kupuje sve ve\u0107i broj gra\u0111ana, ne samo zbog ekolo\u0161ke osvje\u0161tenosti i brige za okoli\u0161, ve\u0107 i zbog toga \u0161to takva drvca gube vrlo malo iglica prilikom uno\u0161enja u topli stan ili ku\u0107u. U ponudi imamo sadnice borova, bo\u017ei\u0107na drvca s korijenom koje je mogu\u0107e kasnije presaditi negdje u prirodi [&hellip;]<\/p>\n","protected":false},"author":1,"featured_media":0,"parent":0,"menu_order":0,"comment_status":"closed","ping_status":"closed","template":"","meta":{"footnotes":""},"class_list":["post-190","page","type-page","status-publish","hentry"],"_links":{"self":[{"href":"https:\/\/www.crnkovic.com.hr\/bor\/wp-json\/wp\/v2\/pages\/190"}],"collection":[{"href":"https:\/\/www.crnkovic.com.hr\/bor\/wp-json\/wp\/v2\/pages"}],"about":[{"href":"https:\/\/www.crnkovic.com.hr\/bor\/wp-json\/wp\/v2\/types\/page"}],"author":[{"embeddable":true,"href":"https:\/\/www.crnkovic.com.hr\/bor\/wp-json\/wp\/v2\/users\/1"}],"replies":[{"embeddable":true,"href":"https:\/\/www.crnkovic.com.hr\/bor\/wp-json\/wp\/v2\/comments?post=190"}],"version-history":[{"count":80,"href":"https:\/\/www.crnkovic.com.hr\/bor\/wp-json\/wp\/v2\/pages\/190\/revisions"}],"predecessor-version":[{"id":1473,"href":"https:\/\/www.crnkovic.com.hr\/bor\/wp-json\/wp\/v2\/pages\/190\/revisions\/1473"}],"wp:attachment":[{"href":"https:\/\/www.crnkovic.com.hr\/bor\/wp-json\/wp\/v2\/media?parent=190"}],"curies":[{"name":"wp","href":"https:\/\/api.w.org\/{rel}","templated":true}]}}